{"id":24,"date":"2016-02-23T14:42:19","date_gmt":"2016-02-23T14:42:19","guid":{"rendered":"http:\/\/naecke.de\/?page_id=24"},"modified":"2025-11-02T14:07:29","modified_gmt":"2025-11-02T14:07:29","slug":"vita","status":"publish","type":"page","link":"https:\/\/naecke.de\/?page_id=24","title":{"rendered":"Vita"},"content":{"rendered":"<p>geb. am 27 November 1975 in Schlema\/Sachsen<\/p>\n<p>seit 15. Januar 2025<\/p>\n<p>Wissenschaftlicher Mitarbeiter am Dekanat der Fakult\u00e4t f\u00fcr Medizin und Psychologie an der Medizinischen Hochschule Brandenburg (MHB) &#8211; Theodor Fontane, Neuruppin<\/p>\n<p>1. Januar 2024 bis 15. Oktober 2024<\/p>\n<p>Projektkoordinator der Kommunalen Arbeitsgemeinschaft &#8222;Kompetenzzentrum Tr\u00e4ger-Qualit\u00e4t&#8220; am Institut f\u00fcr angewandte Familien-, Kindheits- und Jugendforschung an der Universit\u00e4t Potsdam (IFK e.V.)<\/p>\n<p style=\"font-weight: 400;\">16. Januar 2023 bis 31. Dezember 2023<\/p>\n<p style=\"font-weight: 400;\">Sozialp\u00e4dagoge an den Beruflichen Schulen Neuruppin (ASG)<\/p>\n<ol>\n<li>Oktober 2017 \u2013 30. September 2022<\/li>\n<\/ol>\n<p style=\"font-weight: 400;\">Akademischer Oberrat an der Philosophischen Fakult\u00e4t und Fachbereich Theologie der Friedrich-Alexander-Universit\u00e4t Erlangen-N\u00fcrnberg<\/p>\n<ol start=\"4\">\n<li>November 2015<\/li>\n<\/ol>\n<p>Verleihung des Habilitationspreises der Philosophischen Fakult\u00e4t der Friedrich-Alexander-Universit\u00e4t Erlangen-N\u00fcrnberg<\/p>\n<ol start=\"30\">\n<li>M\u00e4rz 2015<\/li>\n<\/ol>\n<p>Erteilung der Lehrbefugnis f\u00fcr das Fachgebiet Religionspsychologie sowie das Recht zur F\u00fchrung der Bezeichnung Privatdozent<\/p>\n<ol start=\"21\">\n<li>Januar 2015<\/li>\n<\/ol>\n<p>Habilitation. Es wurde die venia legendi f\u00fcr\u00a0<em>Religionspsychologie<\/em>\u00a0verliehen<\/p>\n<ol>\n<li>Oktober 2012<\/li>\n<\/ol>\n<p>Wissenschaftlicher Koordinator der Integration des Departments Islamisch-Religi\u00f6se Studien und seiner Besch\u00e4ftigten in den akademischen Forschungs\u00adkontext der Friedrich-Alexander-Universit\u00e4t Erlangen-N\u00fcrnberg und zugleich Gesch\u00e4ftsf\u00fchrer des Zentralinstituts \u00bbAnthropologie der Religion(en)\u00ab an der Friedrich-Alexander-Universit\u00e4t Erlangen-N\u00fcrnberg.<\/p>\n<ol start=\"8\">\n<li>Februar 2011<\/li>\n<\/ol>\n<p>Gesch\u00e4ftsf\u00fchrer des Zentralinstituts \u00bbAnthropologie der Religion(en)\u00ab an der Friedrich-Alexander-Universit\u00e4t Erlangen-N\u00fcrnberg.<\/p>\n<ol>\n<li>Oktober 2009<\/li>\n<\/ol>\n<p>Wissenschaftlicher Angestellter am Institut f\u00fcr Altes Testament an der Fried\u00adrich-Alexander-Universit\u00e4t Erlangen-N\u00fcrnberg<\/p>\n<ol>\n<li>Oktober 2006 \u2013 30. September 2009<\/li>\n<\/ol>\n<p>Wissenschaftlicher Angestellter am Lehrstuhl f\u00fcr Altes Testament II (Theo\u00adlogie) an der Friedrich-Alexander-Universit\u00e4t Erlangen-N\u00fcrnberg<\/p>\n<ol start=\"25\">\n<li>November 2005<\/li>\n<\/ol>\n<p>Abschluss des Promotionsverfahrens durch Disputation an der Philo\u00adso\u00adphi\u00adschen Fakult\u00e4t I der Friedrich-Alexander-Universit\u00e4t Erlangen-N\u00fcrnberg, Pr\u00e4\u00addikat:\u00a0<em>magna cum laudae<\/em>\u00a0(1,0) (Gutachter: Prof. Dr. Shingo Shimada, Prof. Dr. Hans Werbik)<\/p>\n<ol>\n<li>September 2004 \u2013 30. September 2006<\/li>\n<\/ol>\n<p>Wissenschaftlicher Angestellter am Leibniz-Institut f\u00fcr die P\u00e4dagogik der Na\u00adturwissenschaften an der Universit\u00e4t Kiel; Abteilung Erziehungswissen\u00adschaf\u00adten; hier Koordinator des DFG-Schwerpunktprogramms\u00a0<em>Bildungsqualit\u00e4t von Schule (BIQUA): Schulische und au\u00dferschulische Bedingungen mathe\u00admati\u00adscher, naturwissenschaftlicher und \u00fcberfachlicher Kompetenzen<\/em><\/p>\n<ol>\n<li>April 2004 \u2013 31. August 2004<\/li>\n<\/ol>\n<p>Kollegiat im soziologischen Teilprojekt des von der Deutschen Forschungsge\u00admeinschaft gef\u00f6rderten Graduiertenkollegs\u00a0<em>Kulturhermeneutik im Zeichen von Differenz und Transdifferenz<\/em>\u00a0an der Friedrich-Alexander-Universit\u00e4t Erlan\u00adgen-N\u00fcrnberg<\/p>\n<ol>\n<li>April 2001 \u2013 31. M\u00e4rz 2004<\/li>\n<\/ol>\n<p>Promotionsstudium der Soziologie, Psychologie und ev. Theologie als Stipen\u00addiat im soziologischen Teilprojekt des von der Deutschen Forschungsgemein\u00adschaft gef\u00f6rderten Graduiertenkollegs\u00a0<em>Kulturhermeneutik im Zeichen von Dif\u00adferenz und Transdifferenz<\/em>\u00a0an der Friedrich-Alexander-Universit\u00e4t Erlangen-N\u00fcrnberg<\/p>\n<ol>\n<li>Oktober 1998 \u2013 31. M\u00e4rz 1999<\/li>\n<\/ol>\n<p>Studentische Hilfskraft im Projekt\u00a0<em>Motivationspsychologie der Ontogenese \u2013 Jugendliche im \u00dcbergang von der schulischen zur beruflichen Ausbildung<\/em>\u00a0bei PD Dr. Jutta Heckhausen am Max-Planck-Institut f\u00fcr Bildungsforschung, Berlin<\/p>\n<ol>\n<li>April 1996 \u2013 18. Mai 2001<\/li>\n<\/ol>\n<p>Studium der Psychologie und der Erziehungswissenschaft an der Freien Uni\u00adversit\u00e4t Berlin; Vordiplom im Fach Psychologie (09. April 1998); Abschluss als Dipl.-Psych.; Gesamtnote \u00bbsehr gut\u00ab (18. Mai 2001)<\/p>\n<p>&nbsp;<\/p>\n","protected":false},"excerpt":{"rendered":"<p>geb. am 27 November 1975 in Schlema\/Sachsen seit 15. Januar 2025 Wissenschaftlicher Mitarbeiter am Dekanat der Fakult\u00e4t f\u00fcr Medizin und Psychologie an der Medizinischen Hochschule Brandenburg (MHB) &#8211; Theodor Fontane, Neuruppin 1. Januar 2024 bis 15. Oktober 2024 Projektkoordinator der Kommunalen Arbeitsgemeinschaft &#8222;Kompetenzzentrum Tr\u00e4ger-Qualit\u00e4t&#8220; am Institut f\u00fcr angewandte Familien-, Kindheits- und Jugendforschung an der Universit\u00e4t &hellip; <a href=\"https:\/\/naecke.de\/?page_id=24\" class=\"more-link\"><span class=\"screen-reader-text\">\u201eVita\u201c <\/span>weiterlesen<\/a><\/p>\n","protected":false},"author":1,"featured_media":0,"parent":2,"menu_order":0,"comment_status":"closed","ping_status":"closed","template":"","meta":{"footnotes":""},"class_list":["post-24","page","type-page","status-publish","hentry"],"_links":{"self":[{"href":"https:\/\/naecke.de\/index.php?rest_route=\/wp\/v2\/pages\/24","targetHints":{"allow":["GET"]}}],"collection":[{"href":"https:\/\/naecke.de\/index.php?rest_route=\/wp\/v2\/pages"}],"about":[{"href":"https:\/\/naecke.de\/index.php?rest_route=\/wp\/v2\/types\/page"}],"author":[{"embeddable":true,"href":"https:\/\/naecke.de\/index.php?rest_route=\/wp\/v2\/users\/1"}],"replies":[{"embeddable":true,"href":"https:\/\/naecke.de\/index.php?rest_route=%2Fwp%2Fv2%2Fcomments&post=24"}],"version-history":[{"count":11,"href":"https:\/\/naecke.de\/index.php?rest_route=\/wp\/v2\/pages\/24\/revisions"}],"predecessor-version":[{"id":228,"href":"https:\/\/naecke.de\/index.php?rest_route=\/wp\/v2\/pages\/24\/revisions\/228"}],"up":[{"embeddable":true,"href":"https:\/\/naecke.de\/index.php?rest_route=\/wp\/v2\/pages\/2"}],"wp:attachment":[{"href":"https:\/\/naecke.de\/index.php?rest_route=%2Fwp%2Fv2%2Fmedia&parent=24"}],"curies":[{"name":"wp","href":"https:\/\/api.w.org\/{rel}","templated":true}]}}